). Let d(q) = -3*q + 2. What are the prime factors of d(x)?
17
Suppose -3*b - 2 = -4*b. Suppose b*j = -2*j + 128. What are the prime factors of j?
2
What are the prime factors of (7 + -1)*(-36)/(-8)?
3
Let x = 8 + -10. What are the prime factors of x/10 + 86/5?
17
Let i be (4/5)/(1/5). Suppose 69 = i*t + 13. What are the prime factors of t?
2, 7
Let c be -2*((-175)/2)/(-5). Let d = c - -67. What are the prime factors of d?
2
Let j(a) = a + 10. Let o be j(-12). Let m(p) = 2*p**2 + 3*p + 2. What are the prime factors of m(o)?
2
Let r = -16 - -16. Suppose -5*d = -0*p + p - 155, 4*d - 3*p - 124 = r. List the prime factors of d.
31
Let u(i) = 4*i**2 + i + 3. What are the prime factors of u(3)?
2, 3, 7
What are the prime factors of 0 - 1 - (0 + -151)?
2, 3, 5
Let s = 78 + -9. Let h = s + -46. List the prime factors of h.
23
Let w(c) = -c**2 - 9*c + 4. Suppose -4*n + 1 = 2*q + 33, -q = -2*n. What are the prime factors of w(q)?
2, 3
Let y(d) = -d + 3. Let k be y(0). Suppose 4*x = -n + 3, n = -x - 0*n - k. List the prime factors of x.
2
Suppose 0*c - 2 = -c. Let n = -1 + 3. Suppose -c*h + n = -10. What are the prime factors of h?
2, 3
Let a = 96 + -64. List the prime factors of a.
2
Suppose 0 = 3*r - 3*x - 48 - 108, 2*x - 131 = -3*r. List the prime factors of r.
47
Let f = 188 + -112. What are the prime factors of f?
2, 19
Suppose 135 - 19 = 2*r. What are the prime factors of r?
2, 29
Suppose -4*g + 3 = -3*g. Let u = 1 + g. Suppose -u*l + 21 = -l. List the prime factors of l.
7
Suppose 4*c = 195 + 41. List the prime factors of c.
59
Suppose -5*x + 1 = 6. List the prime factors of 1*(0 - x) + 2.
3
Suppose 2*y = 3*l - 3*y - 55, 0 = 3*y - 3. Suppose 0 = -2*k + 6 - l. List the prime factors of -1*(-1)/(-1)*k.
7
Suppose x - 24 = 5*q - q, -3*q = -5*x + 86. What are the prime factors of ((-6)/8 - -3)*x?
2, 3
Let q(y) = -3*y - 10. List the prime factors of q(-14).
2
Let m(y) = y + 12. Let g be m(-5). Let z(s) = s**3 - 7*s**2 + 3*s - 8. What are the prime factors of z(g)?
13
Let f = 132 + -60. List the prime factors of f.
2, 3
Suppose -3*a + 15 = -0*a. Suppose 1 = 2*j - a. Suppose 0 = -j*r - 3 + 21. List the prime factors of r.
2, 3
Let v be -3 + (-2 - 58)/(-4). Let z = -6 + v. List the prime factors of z.
2, 3
Let n = 151 + -121. What are the prime factors of n?
2, 3, 5
Let b = -74 + 145. Suppose 0 = -t - 2*t + c + b, 2*c - 98 = -4*t. List the prime factors of t.
2, 3
Let q be (-5)/((-5)/3)*1. Suppose -q - 9 = -l. List the prime factors of l.
2, 3
Suppose 0 = -3*z + 3*i + 26 + 175, -359 = -5*z - i. What are the prime factors of z?
71
Let b(h) = -h - 106. Let f be b(0). What are the prime factors of f/(-8) - (-2)/(-8)?
13
Suppose -11*r + 720 = -2*r. List the prime factors of r.
2, 5
Suppose 5*j = -4*f + 10*j + 1443, -3*f = -2*j - 1091. What are the prime factors of f?
367
Let d(x) be the first derivative of -x**4/4 + 5*x**3/3 - 5*x**2/2 + 2*x - 1. Let h be d(3). List the prime factors of 16/h - 2/10.
3
Suppose 0 = -4*c - 23 + 3, -1235 = -5*v - 2*c. List the prime factors of v.
3, 83
Suppose -i = -3*g + 12, 5*g - 4*i - 18 - 2 = 0. Let v(f) = -f**2 + 4*f - 5. Let o(a) = a - 1. Let r(b) = g*o(b) - v(b). List the prime factors of r(2).
5
Suppose 3*g - 1 = 2. Let r = -4 + -4. What are the prime factors of r*g/(-2) - 2?
2
Let r be 5/10 - (-14)/4. Suppose r*z = g + 74, -z + g + 24 = 7. Suppose 64 = 5*p + z. What are the prime factors of p?
3
Suppose 4*q + 368 = 3*k, 6*q + 489 = 4*k + q. List the prime factors of k.
2, 29
Suppose 5*g - 164 - 26 = 0. Suppose 0 = -2*v - 4*f - 0*f + 20, -3*v + 2*f + g = 0. What are the prime factors of v?
2, 3
Let d(m) = m**2 + 2*m - 3. Let a be d(3). Suppose 2*g + g - a = 0. What are the prime factors of g?
2
Let x(y) = -2*y + 5. Let d be x(3). Let l(s) = -46*s + 1. What are the prime factors of l(d)?
47
Let n(v) = -19*v - 21. Let l(d) = -13*d - 14. Let h(x) = -7*l(x) + 5*n(x). What are the prime factors of h(-5)?
13
Let p be (63/28)/(3/(-40)). Let l = p - -43. List the prime factors of l.
13
Let b(x) = 6*x**2 + 9*x + 3. List the prime factors of b(4).
3, 5
Suppose 2*c - 4 = c. Suppose 0 = -3*a + 2*h + 62, a = c*a + 2*h - 70. What are the prime factors of a?
2, 11
Let y be 9 + 3/3 + 0. Suppose p + y = 2*p. List the prime factors of p.
2, 5
Let d(q) = q**3 - 9*q**2 + 8*q + 9. Let l be d(8). Suppose -2*w = w - l. List the prime factors of w.
3
Suppose -7 = -3*c - r, 3*c = 5*c - 2*r - 2. Suppose -c*t + 6*t = -5*h + 149, -4*t = -4. List the prime factors of h.
29
Suppose -4*s - 98 + 9 = b, 0 = -3*s - 4*b - 83. Let n be 4/14 - 36/s. Suppose n*l - 2*d = 6, -4*d - 7 - 11 = -5*l. List the prime factors of l.
2, 3
Let y be (-9)/(-2)*(-4)/1. Let s be (2/6)/((-2)/y). Suppose 0*u - 5*h = -s*u + 3, 2*u - h - 9 = 0. What are the prime factors of u?
2, 3
Suppose -37 = -l - 3*h, 4*l + 7*h - 112 = 4*h. Let j = l + -5. What are the prime factors of j?
2, 5
Suppose -2*r + 61 + 43 = 0. List the prime factors of r.
2, 13
Let q = -15 + 25. Suppose -g - 5 = 0, -3*i + 3*g + 34 = q. List the prime factors of i.
3
Let l = 2 - 1. What are the prime factors of l - (-5 + (-5 - -2))?
3
Let s be ((-1)/3*0)/3. Suppose 5*q + s*q = 80. What are the prime factors of q?
2
Let t(r) = r**2 - 4*r - 3. Let w be t(5). Suppose 3*f - 2*f = 21. Suppose 1 + f = w*m. List the prime factors of m.
11
Let j(o) = -o**2 + 7*o + 21. List the prime factors of j(9).
3
Let m(l) = -l**2 - l - 1. Let n(g) = -9*g**2 - 3*g + 4. Let q(z) = 6*m(z) - n(z). What are the prime factors of q(4)?
2, 13
Suppose 3*i = -i + 20. Let q(k) = -k**3 - 5*k**2 - 4*k - 7. Let c(v) = -v**3 - v. Let f(d) = 2*c(d) - q(d). What are the prime factors of f(i)?
17
Suppose -3*m = -2*c + 16 + 9, -3*c = -4*m - 35. Let l be 24/(-10)*c/(-2). What are the prime factors of l/3 - (-17 - -1)?
2, 3
Let f(v) = -61*v + 1. Suppose -3*i - n = -1 + 5, 9 = -5*i - 4*n. Let b be f(i). Suppose 0 = 5*p + 2*x - 79, 4*p - b = -0*x - x. List the prime factors of p.
3, 5
Suppose -3 = -3*n + 12. Suppose -5*o - 85 = -n*k - 0*o, 82 = 4*k + 3*o. What are the prime factors of k?
19
Let g be 1/(3/(-21)) + 1. What are the prime factors of 4/12 - 40/g?
7
Let q(n) be the first derivative of -1/2*n**2 + n - 3. List the prime factors of q(-11).
2, 3
Let s(u) = u**2 + 2*u. Let k be (2/4)/((-2)/20). List the prime factors of s(k).
3, 5
Let k = 31 - 17. Let p be ((-9)/(-12))/((-1)/(-4)). Suppose 5*y + k = 4*j - 14, -4*j - p*y + 28 = 0. What are the prime factors of j?
7
Suppose -3*c + 0*i = -4*i + 17, -4*c - 21 = -5*i. List the prime factors of c/((-3)/(-21))*1.
7
Suppose -8*k + 39 = -3*k + 4*x, -5*k + 67 = -3*x. List the prime factors of k.
11
Let l(d) = -2*d + 2. Let p be l(4). Suppose -5*c = -3*c - 28. Let q = c + p. What are the prime factors of q?
2
Let s = 102 + -73. List the prime factors of s.
29
Suppose 2*k + t + 232 = 3*k, 2*k = 3*t + 465. What are the prime factors of k?
3, 7, 11
Suppose 2*k = -3*i - k + 87, -2*k - 110 = -4*i. What are the prime factors of i?
2, 7
Let d = -7 - -16. What are the prime factors of d?
3
Suppose 2*t + 4*v + 5 - 1 = 0, 2*t + 5*v + 5 = 0. Suppose 12 = -3*m - m, 4*k - 5*m - 51 = t. What are the prime factors of k?
3
Suppose 3 = -5*a - 2. Let b be ((-3)/(a/(-1)))/1. What are the prime factors of b*(-2)/6 - -14?
3, 5
Suppose -20*n - 93 = -23*n. List the prime factors of n.
31
Let k be (2 - 11) + (-5 - -2). Suppose 0*o + o = -8. What are the prime factors of (-6)/o - 135/k?
2, 3
Suppose 3*r = -q + 4, 2*q - 6 = -2*r - 2*r. Let b(y) = 2*y**3 + y**2 - 1. List the prime factors of b(q).
2
List the prime factors of 8/(-3 - 1)*-6.
2, 3
Let q(l) = l**2 + 5*l + 4. Let t be q(-6). Let r(f) = f**3 + 2*f**2 + 2*f + 1. Let j be r(-1). Let y = t + j. List the prime factors of y.
2, 5
Suppose -4*c = 52 - 244. List the prime factors of c.
2, 3
Suppose 3*x - 2*d = -4, 2*x + 3*x + 3*d + 32 = 0. Let t(b) = b**3 + 3*b**2 - 7*b + 3. List the prime factors of t(x).
3, 5
Let o(h) = -h**2 + 12*h - 15. Suppose 3*c + 2 = f - c, -f = 4*c - 18. List the prime factors of o(f).
5
Let t(n) = n**2 - 11*n - 1. List the prime factors of t(13).
5
Let k(a) be the second derivative of 1/2*a**5 + a + 0 + 1/6*a**3 + 0*a**4 - 1/2*a**2. List the prime factors of k(1).
2, 5
Let m = 27 + -31. Let p = m - -12. What are the prime factors of p?
2
Let k(t) = -t**3 